{"id":2731,"date":"2025-11-24T10:32:59","date_gmt":"2025-11-24T09:32:59","guid":{"rendered":"https:\/\/ventodigrecale.net\/itinerary\/acitrezza-y-acicastello\/"},"modified":"2025-12-17T11:35:43","modified_gmt":"2025-12-17T10:35:43","slug":"acitrezza-y-acicastello","status":"publish","type":"itinerary","link":"https:\/\/ventodigrecale.net\/es\/itinerary\/acitrezza-y-acicastello\/","title":{"rendered":"Acitrezza y Acicastello"},"content":{"rendered":"\n<p>Acitrezza y Acicastello forman uno de los paisajes costeros m\u00e1s emblem\u00e1ticos del este de Sicilia. Aci Trezza es famosa por sus legendarios Faraglioni -los dram\u00e1ticos farallones de basalto que se rememoran en la mitolog\u00eda griega- que se elevan sobre aguas azules cristalinas. Cerca de all\u00ed, Aci Castello se alza orgulloso sobre un promontorio de lava negra coronado por un castillo normando medieval, que ofrece impresionantes vistas al mar desde sus acantilados volc\u00e1nicos. Navegar aqu\u00ed significa deslizarse a trav\u00e9s del mito, la historia y la sorprendente belleza geol\u00f3gica, todo ello enmarcado por los profundos tonos cobalto del mar J\u00f3nico.   <\/p>\n","protected":false},"featured_media":2732,"menu_order":12,"template":"","meta":{"_joinchat":[]},"class_list":["post-2731","itinerary","type-itinerary","status-publish","has-post-thumbnail","hentry"],"meta_box":{"step":[],"coordinates":[],"area":"Acitrezza y Acicastello","partenza":"Riposto - Giardini Naxos - Acitrezza","imbarcazioni":"Veleros, catamaranes, lanchas, yates, goletas, semirr\u00edgidas","a_partire_da":"\u20ac 900,00","url_luau0x5i7en":"","mapiframe":"","duration-boat_to":["2205","2182","2159","2096","2127"],"destination-itinerary_from":["1914"],"duration-itinerary_from":["2005","2017","2025"]},"_links":{"self":[{"href":"https:\/\/ventodigrecale.net\/es\/wp-json\/wp\/v2\/itinerary\/2731","targetHints":{"allow":["GET"]}}],"collection":[{"href":"https:\/\/ventodigrecale.net\/es\/wp-json\/wp\/v2\/itinerary"}],"about":[{"href":"https:\/\/ventodigrecale.net\/es\/wp-json\/wp\/v2\/types\/itinerary"}],"wp:featuredmedia":[{"embeddable":true,"href":"https:\/\/ventodigrecale.net\/es\/wp-json\/wp\/v2\/media\/2732"}],"wp:attachment":[{"href":"https:\/\/ventodigrecale.net\/es\/wp-json\/wp\/v2\/media?parent=2731"}],"curies":[{"name":"wp","href":"https:\/\/api.w.org\/{rel}","templated":true}]}}

<p>Acitrezza y Acicastello forman uno de los paisajes costeros más emblemáticos del este de Sicilia. Aci Trezza es famosa por sus legendarios Faraglioni -los dramáticos farallones de basalto que se rememoran en la mitología griega- que se elevan sobre aguas azules cristalinas. Cerca de allí, Aci Castello se alza orgulloso sobre un promontorio de lava negra coronado por un castillo normando medieval, que ofrece impresionantes vistas al mar desde sus acantilados volcánicos. Navegar aquí significa deslizarse a través del mito, la historia y la sorprendente belleza geológica, todo ello enmarcado por los profundos tonos cobalto del mar Jónico.   </p>

Veleros, catamaranes, lanchas, yates, goletas, semirrígidas
